{"id":759,"date":"2021-09-27T14:32:48","date_gmt":"2021-09-27T17:32:48","guid":{"rendered":"https:\/\/talkday.idevelopers.com.br\/index.php\/dwqa-ask-question\/"},"modified":"2021-09-27T15:47:45","modified_gmt":"2021-09-27T18:47:45","slug":"perguntar","status":"publish","type":"page","link":"https:\/\/talkday.idevelopers.com.br\/index.php\/perguntar\/","title":{"rendered":"Perguntar"},"content":{"rendered":"<div class=\"dwqa-container\" ><div class=\"alert\">Voc\u00ea n\u00e3o tem permiss\u00e3o para enviar perguntas.<\/div><\/div>\n","protected":false},"excerpt":{"rendered":"<div class=\"dwqa-container\" ><div class=\"alert\">Voc\u00ea n\u00e3o tem permiss\u00e3o para enviar perguntas.<\/div><\/div>\n","protected":false},"author":1,"featured_media":0,"parent":0,"menu_order":0,"comment_status":"closed","ping_status":"closed","template":"","meta":[],"_links":{"self":[{"href":"https:\/\/talkday.idevelopers.com.br\/index.php\/wp-json\/wp\/v2\/pages\/759"}],"collection":[{"href":"https:\/\/talkday.idevelopers.com.br\/index.php\/wp-json\/wp\/v2\/pages"}],"about":[{"href":"https:\/\/talkday.idevelopers.com.br\/index.php\/wp-json\/wp\/v2\/types\/page"}],"author":[{"embeddable":true,"href":"https:\/\/talkday.idevelopers.com.br\/index.php\/wp-json\/wp\/v2\/users\/1"}],"replies":[{"embeddable":true,"href":"https:\/\/talkday.idevelopers.com.br\/index.php\/wp-json\/wp\/v2\/comments?post=759"}],"version-history":[{"count":1,"href":"https:\/\/talkday.idevelopers.com.br\/index.php\/wp-json\/wp\/v2\/pages\/759\/revisions"}],"predecessor-version":[{"id":763,"href":"https:\/\/talkday.idevelopers.com.br\/index.php\/wp-json\/wp\/v2\/pages\/759\/revisions\/763"}],"wp:attachment":[{"href":"https:\/\/talkday.idevelopers.com.br\/index.php\/wp-json\/wp\/v2\/media?parent=759"}],"curies":[{"name":"wp","href":"https:\/\/api.w.org\/{rel}","templated":true}]}}